 5*m + 66. What is the units digit of w(-7)?
7
Let f be ((-12)/24)/(-2*1/220). Let p = 57 - f. Suppose -p*k + 4*b = -348, 3*k - 5*b = -2*k + 855. What is the hundreds digit of k?
1
Suppose -4*y - 3*c = -36798, 3*y + 9*c - 5*c = 27602. What is the tens digit of y?
9
Let u(c) = -532*c + 233. What is the thousands digit of u(-10)?
5
Let w be (9/(-12) - -1) + 2/(-8). Suppose -1 = n - k - w*k, 0 = -5*n + 4*k. What is the tens digit of (-220)/(-6)*6/n?
5
Suppose u + 1 = 5, -2*t = 2*u - 14. Suppose -t*l + 859 = -1880. What is the units digit of l?
3
Let r be (-9)/(6/2 + -5 - -3). What is the hundreds digit of 1/(4/(-1398)*r/12)?
4
Let v = 135 - 132. Suppose -427 - 908 = -v*x. What is the hundreds digit of x?
4
Let f = -15 + 2. Suppose -5*l - 2*s + 7*s = -825, -l + 3*s + 175 = 0. Let d = l - f. What is the tens digit of d?
7
Let i = -99017 - -139243. What is the tens digit of i?
2
Let u = 42 + -39. Suppose u*s = -4*s + 28. Suppose -540 = -4*t - 4*i - 0*i, s*i + 150 = t. What is the units digit of t?
8
Let u(b) = -79*b**3 + b. Suppose -x - g - 26 = 4*g, 4 = x - g. Let s be u(x). What is the units digit of s*1 - (-1)/(-1)?
7
Suppose q - 11*g = -15*g + 35366, -3*q = -g - 106202. What is the units digit of q?
8
Let p(d) = d**3 - 137*d**2 + 278*d - 2619. What is the hundreds digit of p(139)?
6
Let z = -17163 + 29619. What is the ten thousands digit of z?
1
Let c(n) = 7*n + 18. Let g be c(-3). Let q be ((2/g)/2)/(13/(-195)). Suppose q*u - 21 - 359 = 0. What is the units digit of u?
6
Suppose 8*k - 27 = -k. Let m be k*(0 + (-1)/(-3))*190. Let r = m + 17. What is the hundreds digit of r?
2
Suppose -4*h - 3*z + z - 504 = 0, -h = -z + 129. Let u = 135 + h. What is the hundreds digit of (8/4)/(u/2868*3)?
2
Let b(i) = -9*i - 62. Let h be b(-7). What is the tens digit of (-411)/(-1) + -5 - (h + -4)?
0
Suppose 11*d - 7*d - 24 = 0. Let c be 20/d*(-9)/(-6). Suppose -68 = -2*a - 4*q - 24, 3*q = c*a - 123. What is the tens digit of a?
2
Let s(o) = -o**3 - 11*o**2 - 5*o - 49. Let j be s(-11). What is the units digit of 2898/j*(-2)/(-6)?
1
Let c = -5151 + 17819. What is the units digit of c?
8
Let a = 142 - 42. Let u = a + -95. Suppose -u*x - 5*j + 356 = -j, 5*j - 355 = -5*x. What is the units digit of x?
2
Let a(b) = 518*b + 113. What is the thousands digit of a(19)?
9
Let n(l) = -74*l - 106. Let v be n(-7). Let d = v - 328. What is the tens digit of d?
8
Let p(j) = 2*j**2 - 25*j + 134. Let h be p(20). Let i = -59 + h. What is the hundreds digit of i?
3
Let o = 92 + 1193. Suppose -8*t + o = -267. Suppose 5*x - 181 = t. What is the units digit of x?
5
Suppose -2 = -2*i, 32*u - 27*u + 4*i - 29 = 0. Suppose 0 = 2*t - u*j - 534 - 45, 2*j = 3*t - 874. What is the tens digit of t?
9
Suppose -1475 + 9168 = b. What is the tens digit of b?
9
Let i be 1*(1 + -2)*1. Let t be (i - -2) + 5 + 2. Suppose -4*f = t, -3*w = -8*w + 2*f + 224. What is the units digit of w?
4
Suppose -3*j = 2*x - 0*j - 51, -2*x + 3*j = -21. Suppose 2*b = g + 23, 0*b - x = -2*b + 2*g. Suppose z = 32 + b. What is the tens digit of z?
4
Let g(t) = 6*t**2 + 6*t - 30. Let c be g(-7). Suppose 4*p - c = -2*w, 2*w - 5*p = -2*w + 457. What is the tens digit of w + 20/((-5)/(-1))?
1
Suppose 0 = 3*q - 3. Let a(i) = 24*i + 141. Let f be a(-6). What is the tens digit of f*1/(q/(-19))?
5
Suppose 4*r - 16165 = -5*m, -4*r + 2551 + 13605 = 4*m. What is the tens digit of r?
3
Suppose 99274 = 2*q + 635*a - 630*a, -4*q + 5*a + 198668 = 0. What is the hundreds digit of q?
6
Let h be (-10)/2 + -2 + -1. Let m be h/6*(-6)/4. What is the units digit of m - (-1 - 127/(-3))*-3?
6
Let f = 197 + -129. Let a = f + -62. What is the units digit of a/12*(123 - (-2 + -1))?
3
Suppose -2*f = -g + 9, -9*g + 4*g + 27 = -4*f. What is the hundreds digit of (1 + 1)/(g/180)?
1
Let n(m) = m**3 + 22*m**2 - 49*m - 18. Let p be n(-24). Let t(b) = -4*b**3 + 29*b**2 + 11*b - 13. What is the tens digit of t(p)?
3
Let c = 30608 - 14512. What is the thousands digit of c?
6
Let m = -14110 - -21668. What is the hundreds digit of m?
5
What is the thousands digit of -7*(-27)/63 - -6 - -4293?
4
Let c(n) = 7*n**3 + 8*n**2 + 74*n - 753. What is the tens digit of c(13)?
4
What is the thousands digit of 952/(-588)*(-16520 + 2)*7/2?
3
Suppose -3*b + 5*b - 8 = 0, -3*b + 200 = 4*l. Let z = -14 + l. Let x = z + 3. What is the tens digit of x?
3
Let m = -145 + 399. What is the units digit of m/3*15*3/15?
4
Let p = 35853 - -16459. What is the tens digit of p?
1
Suppose -6*d + 3*a + 352462 = 77836, -5*a = -d + 45762. What is the units digit of d?
2
Suppose 8 + 2 = -2*g, 3*g = -4*j + 1. Suppose -9*n + 1765 = -j*n. What is the tens digit of n?
5
Suppose -2*n = -8*n + 12. Let y be ((-6)/4 + n)/((-14)/28). What is the units digit of (328/(-48) + (-1)/6)/y?
7
Let k = -460 + 1930. What is the hundreds digit of 1/4 + 8/(64/k)?
1
Let c = -31 - -103. Let f(w) = 3*w + 34. Let i be f(25). Let z = i - c. What is the units digit of z?
7
What is the tens digit of (-73 - -71)*(-2 + (-2680)/2)?
8
Let g = 127 - 164. What is the hundreds digit of g*(4 + (-18 - -3))?
4
Let z = 11697 + -7969. Suppose -j - z = -5*j. What is the hundreds digit of j?
9
Let t = -32 + 37. Suppose -t*y + 20 = -10*y. What is the tens digit of ((-168)/(-2))/2 + 0 + y?
3
Suppose 14*n - 4*n = 60. Let h be (8/n + -2)/((-5)/2100). Suppose 2*v = 2*k - 52 - 88, 0 = 4*k + 3*v - h. What is the units digit of k?
0
Suppose -7*k + 1979 + 2998 = 0. Suppose -2*s = 3*p - 1254 - 143, s - k = p. What is the hundreds digit of s?
7
Suppose -47*z - 22*z = 3*z - z. Let y(w) = -w**2 - 2*w + 146. Let a(d) = -d**2. Let c(f) = -4*a(f) + y(f). What is the units digit of c(z)?
6
Suppose 37532 = 5*s + 5*l - 138718, -l = -2*s + 70476. What is the hundreds digit of s?
2
Let d be ((-2)/(-3))/((4/(-5730))/(-1)). Suppose -775 - d = -5*w. Let f = w - 167. What is the units digit of f?
9
Let v(p) = -p**2 - 11*p - 16. Let h be v(-9). Suppose 0 = f, 0*f - 8 = -4*u - h*f. Suppose 3*y - 5*m = 181, 4*y - 167 = y - u*m. What is the tens digit of y?
5
Let s(x) = 1080*x - 179. What is the units digit of s(2)?
1
Suppose -652 = -n + w, -4*n + 16*w = 18*w - 2596. Suppose n = -c + 6*c. What is the hundreds digit of c?
1
Let q = 22865 + -16093. What is the thousands digit of q?
6
Suppose 0 = -9*t - 67310 + 104114 + 202929. What is the tens digit of t?
3
Let t(i) be the second derivative of 38*i**3/3 - 15*i**2 + i - 3. What is the tens digit of t(6)?
2
What is the thousands digit of (-3 - -1)*(-107 + 109) + 1176?
1
Let o(t) = -t**2 - 59*t - 101. Suppose -386 + 106 = 8*f. What is the tens digit of o(f)?
3
Suppose 2*k + g = -0*g + 16, -4*k = -4*g - 56. Suppose j + k*j = 22. Suppose 5*d - 18 + 149 = o, d = j*o - 244. What is the units digit of o?
1
What is the units digit of 3 - 34/14 - (-3689036)/182?
0
Let m(n) = n**2 - 14*n + 19. Let r(g) be the first derivative of g**2/2 + 12*g + 13. Let h be r(5). What is the tens digit of m(h)?
7
Suppose 3*u + p - 801 = -3*p, -1370 = -5*u + 5*p. Suppose -90*v + 88*v - 39 = -5*l, 2*l = -10. Let z = v + u. What is the units digit of z?
9
Let m = -732 + 1626. Let a = m + -541. What is the units digit of a?
3
What is the hundreds digit of 787 - -44 - (1 - -1 - 5)?
8
Let u = 70009 + -2716. What is the ten thousands digit of u?
6
Suppose 106720 = -103*z + 111*z. What is the ten thousands digit of z?
1
Suppose 0 = 3*x - 11*x + 24. Suppose -k = -3*o - 219, x*k + 5*o = 340 + 289. What is the tens digit of k?
1
Let j(o) be the first derivative of 4*o**3/3 + 6*o**2 - 3*o - 204. What is the tens digit of j(16)?
1
Let t = -50 + 76. Let s = t - 19. Suppose s = -10*n + 187. What is the tens digit of n?
1
Let f(v) = v**3 + 28*v**2 + 15*v + 49. Let x be f(-27). Suppose 0 = -4*b + 383 + x. What is the units digit of b?
9
Suppose 5*m = -3*p + 2674, -4*m - 2639 = -3*p - 2*m. Suppose -4*j = -j - k - 907, -3*j = 5*k - p. What is the tens digit of j?
0
What is the tens digit of ((-8253)/12)/((18/56)/(-3) + 0)?
1
Let f(y) = 91*y**2 - 449*y + 49. What is the thousands digit of f(-16)?
0
What is the thousands digit of (-40)/12 - (-834836)/204?
4
Suppose 2*r - 51 = 45. Suppose 0 = 2*z - 3*d - 262, 69 = z - 5*d - r. What is the tens digit of z?
3
Let u = -17 - -18. Let s be (u + -44)/((-2)/4). Suppose 3*i = -3*l + 249, 0 = -3*i + 4*i + 2*l - s. What 